REPLACE INTO `rvs_category` (`rvs_category_id`, `category_name`, `category_sh_name`) VALUES ('2', 'Beauty & Fashion', 'bf');
REPLACE INTO `rvs_charset` (`charset_id`, `charset_name`, `charset_value`, `xml_lang`) VALUES ('25', 'hungarian', 'iso-8859-2', 'hu');
REPLACE INTO `rvs_color` (`color_id`, `color_name`, `color_code`) VALUES ('67', 'Black', '000000');
REPLACE INTO `rvs_color_group` (`color_group_id`, `color_id`) VALUES ('13', '67');
REPLACE INTO `rvs_color_group_name` (`color_group_id`, `default_color_id`) VALUES ('13', '67');
REPLACE INTO `rvs_layout_template` (`layout_template_id`, `layout_template_name`, `layout_template_data`, `layout_template_desc`, `layout_template_preview`, `layout_template_head`, `layout_group_id`) VALUES ('5b7a994edd971a207ddb115a9855ef99', 'General style 12', '<!-- ####### LAYOUT CSS: MODIFY COLOR, FONT AND BOX SIZE HERE BUT DO NOT DELETE. ####### -->\r\n\r\n<style type=\"text/css\">\r\n\r\n.type12rightpad01{padding:10px 3px;}\r\n.type12rightpad02{padding:6px 3px;}\r\n.type12bgsilver{ background-color:#E7E7E7;}\r\n.type12bggray{ background-color:#C5C5C5;}\r\n.type12txtbold{ \r\n	font-weight:bold;\r\n}\r\n.type12txthead{ \r\n	font-weight:bold;\r\n	color:#535353;\r\n}\r\n.type12head{ font-weight:bold;}\r\n.type12linedash{border-bottom:#999999 dashed 1px;}\r\n.type12bgwhite{ \r\n	background-color:#FFFFFF;\r\n	color:#535353;\r\n}\r\n.type12txtbody{color:#535353;}\r\n</style>\r\n<!-- ########################### END CSS LAYOUT ###########################  -->\r\n<table cellpadding=\"0\" cellspacing=\"0\" id=\"rv_template_layout\">\r\n  <tr>\r\n  	<td align=\"left\" valign=\"top\">\r\n		<table cellpadding=\"5\" cellspacing=\"0\" width=\"100%\">\r\n			<tr>\r\n			  <td width=\"70%\" align=\"left\" valign=\"top\">\r\n			  	<table cellpadding=\"5\" cellspacing=\"0\" width=\"100%\" class=\"type12bgsilver\">\r\n					<tr>\r\n						<td valign=\"top\"><img src=\"images/180x60.gif\" alt=\"\" width=\"180\" height=\"60\" /></td>\r\n						<td valign=\"top\">\r\n							<div class=\"type12txthead\">Epsum factorial non deposit quid</div>\r\n							<div align=\"left\" class=\"type12txtbody\">Sic tempus fugit esperanto hiccup estrogen. Glorious baklava ex librus hup hey ad infinitum. Non sequitur condominium facile et geranium incognito. Epsum factorial non deposit quid pro quo hic escorol. </div></td>\r\n					</tr>\r\n				</table>\r\n				<br />\r\n				<table cellpadding=\"5\" cellspacing=\"0\" width=\"100%\" class=\"type12bgsilver\">\r\n					<tr>\r\n					  <td width=\"50%\" align=\"left\" valign=\"top\">\r\n					  	<table cellpadding=\"0\" cellspacing=\"0\" width=\"100%\" class=\"type12bgwhite\">\r\n							<tr class=\"type12bggray\">\r\n								<td align=\"left\" valign=\"top\"><img src=\"images/tab01.gif\" alt=\"\" width=\"34\" height=\"26\" /></td>\r\n								<td width=\"99%\" class=\"type12txtbold\">Epsum factorial non deposit quid</td>\r\n								<td align=\"right\" valign=\"top\"><img src=\"images/tab02.gif\" alt=\"\" width=\"19\" height=\"26\" /></td>\r\n							</tr>\r\n							<tr>\r\n								<td></td>\r\n								<td align=\"left\" valign=\"top\">Epsum factorial non deposit quid pro quo hic escorol. Olypian quarrels et gorilla congolium sic ad nauseum. Souvlaki ignitus carborundum e pluribus unum. Defacto lingo est igpay atinlay. Marquee selectus non provisio incongruous feline nolo contendre. Gratuitous octopus niacin, sodium glutimate. Quote meon an estimate et non interruptus stadium.</td>\r\n								<td></td>\r\n							</tr>\r\n							<tr>\r\n								<td align=\"left\" valign=\"bottom\"><img src=\"images/corner03.gif\" alt=\"\" width=\"17\" height=\"10\" /></td>\r\n								<td width=\"99%\"></td>\r\n								<td align=\"right\" valign=\"bottom\"><img src=\"images/corner04.gif\" alt=\"\" width=\"9\" height=\"10\" /></td>\r\n							</tr>\r\n						</table>\r\n					  </td>\r\n					  <td width=\"50%\" align=\"left\" valign=\"top\">\r\n					  	<table cellpadding=\"0\" cellspacing=\"0\" width=\"100%\" class=\"type12bgwhite\">\r\n							<tr class=\"type12bggray\">\r\n								<td align=\"left\" valign=\"top\"><img src=\"images/tab01.gif\" alt=\"\" width=\"34\" height=\"26\" /></td>\r\n								<td width=\"99%\" class=\"type12txtbold\">Epsum factorial non deposit quid</td>\r\n								<td align=\"right\" valign=\"top\"><img src=\"images/tab02.gif\" alt=\"\" width=\"19\" height=\"26\" /></td>\r\n							</tr>\r\n							<tr>\r\n								<td></td>\r\n								<td align=\"left\" valign=\"top\">Epsum factorial non deposit quid pro quo hic escorol. Olypian quarrels et gorilla congolium sic ad nauseum. Souvlaki ignitus carborundum e pluribus unum. Defacto lingo est igpay atinlay. Marquee selectus non provisio incongruous feline nolo contendre. Gratuitous octopus niacin, sodium glutimate. Quote meon an estimate et non interruptus stadium.</td>\r\n								<td></td>\r\n							</tr>\r\n							<tr>\r\n								<td align=\"left\" valign=\"bottom\"><img src=\"images/corner03.gif\" alt=\"\" width=\"17\" height=\"10\" /></td>\r\n								<td width=\"99%\"></td>\r\n								<td align=\"right\" valign=\"bottom\"><img src=\"images/corner04.gif\" alt=\"\" width=\"9\" height=\"10\" /></td>\r\n							</tr>\r\n						</table>\r\n					  </td>\r\n					</tr>\r\n				</table>\r\n			  </td>\r\n				<td width=\"30%\" align=\"left\" valign=\"top\">\r\n					<table cellpadding=\"0\" cellspacing=\"0\" width=\"100%\">\r\n						<tr>\r\n							<td align=\"left\" valign=\"top\">\r\n								<table cellpadding=\"3\" cellspacing=\"0\" width=\"100%\">\r\n									<tr>\r\n										<td align=\"left\" valign=\"top\" colspan=\"2\" class=\"type12txtbold\">Europan lingues</td>\r\n									</tr>\r\n									<tr>\r\n										<td class=\"type12rightpad01\" valign=\"top\"><img src=\"images/bullet02.gif\" alt=\"\" width=\"6\" height=\"6\" /></td>\r\n										<td class=\"type12rightpad02\">Pro quo hic escorol.Defacto lingo</td>\r\n									</tr>							\r\n									<tr>\r\n										<td class=\"type12rightpad01\" valign=\"top\"><img src=\"images/bullet02.gif\" alt=\"\" width=\"6\" height=\"6\" /></td>\r\n										<td class=\"type12rightpad02\">Epsum factorial non deposit quid pro quo hic escorol.</td>\r\n									</tr>\r\n									<tr>\r\n										<td class=\"type12rightpad01\" valign=\"top\"><img src=\"images/bullet02.gif\" alt=\"\" width=\"6\" height=\"6\" /></td>\r\n										<td class=\"type12rightpad02\">Olypian quarrels et gorilla congolium sic ad nauseum.</td>\r\n									</tr>\r\n									<tr><td></td><td class=\"type12linedash\"><img src=\"images/spacer.gif\" alt=\"\" width=\"1\" height=\"1\" /></td></tr>\r\n									<tr>\r\n										<td class=\"type12rightpad01\" valign=\"top\"><img src=\"images/bullet02.gif\" alt=\"\" width=\"6\" height=\"6\" /></td>\r\n										<td class=\"type12rightpad02\">Souvlaki ignitus carborundum e pluribus unum.</td>\r\n									</tr>\r\n									<tr>\r\n										<td class=\"type12rightpad01\" valign=\"top\"><img src=\"images/bullet02.gif\" alt=\"\" width=\"6\" height=\"6\" /></td>\r\n										<td class=\"type12rightpad02\">Defacto lingo est igpay atinlay. Marquee selectus non provisio incongruous feline nolo contendre.</td>\r\n									</tr>\r\n									<tr>\r\n										<td class=\"type12rightpad01\" valign=\"top\"><img src=\"images/bullet02.gif\" alt=\"\" width=\"6\" height=\"6\" /></td>\r\n										<td class=\"type12rightpad02\">Gratuitous octopus niacin, sodium glutimate.</td>\r\n									</tr>\r\n									<tr><td></td><td class=\"type12linedash\"><img src=\"images/spacer.gif\" alt=\"\" width=\"1\" height=\"1\" /></td></tr>\r\n								</table>\r\n							</td>\r\n						</tr>\r\n					</table>\r\n				</td>\r\n			</tr>\r\n		</table>  		\r\n	</td>\r\n  </tr>\r\n</table>', '', 'b_layout12.jpg', '', '3');
REPLACE INTO `rvs_layout_group` (`layout_group_id`, `layout_group_name`, `layout_category_id`) VALUES ('3', 'general style', '1');
REPLACE INTO `rvs_navigator_name` (`navigator_name_id`, `navigator_name`) VALUES ('3', 'h_classic_button');
REPLACE INTO `rvs_navigator` (`navigator_id`, `menustyle_id`, `navigator_name_id`) VALUES ('293', '2', '29');
REPLACE INTO `rvs_project_page_out_seggestion` (`project_page_id`, `out_suggestion_id`) VALUES ('064b4cd5e3b3f823a55017544e21a06e', '0');
REPLACE INTO `rvs_project_page_out_seggestion` (`project_page_id`, `out_suggestion_id`) VALUES ('b1015f232578674fca7dcb5a8bb487c6', '0');
REPLACE INTO `rvs_project_page_out_seggestion` (`project_page_id`, `out_suggestion_id`) VALUES ('39f8baac42e902f40f9701ed06665330', '0');
REPLACE INTO `rvs_project_page_out_seggestion` (`project_page_id`, `out_suggestion_id`) VALUES ('204a50965f890f34488e61ae482da2fd', '0');
REPLACE INTO `rvs_project_page_out_seggestion` (`project_page_id`, `out_suggestion_id`) VALUES ('6b93fa30c03cd7071f0ef9c9bd453cde', '0');
REPLACE INTO `rvs_project_page_out_seggestion` (`project_page_id`, `out_suggestion_id`) VALUES ('b742cd090b22ab550e6a9c2f71a9b396', '0');
REPLACE INTO `rvs_project_page_out_seggestion` (`project_page_id`, `out_suggestion_id`) VALUES ('529892fc46d9e860852ee6a07b7c7970', '0');
REPLACE INTO `rvs_project_page_out_seggestion` (`project_page_id`, `out_suggestion_id`) VALUES ('5ac7d8a313ac395441db170acb7a2cca', '0');
REPLACE INTO `rvs_project_page_out_seggestion` (`project_page_id`, `out_suggestion_id`) VALUES ('017e32edc2890485e972011fbc15dcb7', '0');
REPLACE INTO `rvs_project_page_out_seggestion` (`project_page_id`, `out_suggestion_id`) VALUES ('1ecbe9b552b37ffa5f230fae7b99872b', '0');
REPLACE INTO `rvs_project_page_out_seggestion` (`project_page_id`, `out_suggestion_id`) VALUES ('3710d1289e3784c0a0df800f4d2abcba', '0');
REPLACE INTO `rvs_picture` (`picture_id`, `picture_name`) VALUES ('95073d2a3c6f6634c186f68048b2cfb8', 'fashion');
REPLACE INTO `rvs_head` (`project_id`, `project_page_id`, `head_tag_data`) VALUES ('b4c4ad77ba14fe778187762f6ca1f199', '0', '');
REPLACE INTO `rvs_project` (`project_id`, `project_info_id`, `rvs_usr_id`, `project_name`, `project_directory`, `utf8format`, `project_footer`) VALUES ('b4c4ad77ba14fe778187762f6ca1f199', 'd16ba2af7f2a42c71df8a2ffe1063749', '710d448bf69e6e8944cc6d081761653d', 'Kisvirag_uj', '', '1', '<!-- add class=\"uk-footer-displayNone\" to display none -->\r\n<div class=\"uk-container uk-container-center rv-block-full\">\r\n    <div id=\"footerTemplate\" style=\"font-size: 14px; background-color: rgb(166, 96, 161);\">\r\n        <div class=\"uk-container uk-container-center rvsb-bg-footer\" id=\"textinfoAndContactFooter\">\r\n            <div class=\"uk-grid\">\r\n                <div id=\"textinfoFooter\" class=\"uk-footer-displayNone\">\r\n                    <h3 id=\"titleInformation\">Title text information</h3>\r\n                    <hr id=\"hrInformation\">\r\n                    <div id=\"contentInformation\" style=\"white-space: pre-wrap;\">This is an excellent place for you to add a paragraph and let your visitors know more about you and your services. Easily edit by go to tab pages and content and click edit.</div>\r\n                </div>\r\n                <div id=\"contactFooter\" class=\"uk-width-small-1-1\">\r\n                    <h3 id=\"titleContact\">Keressen bennünket bizalommal!</h3>\r\n                    <ul id=\"contactListFooter\" class=\"uk-list uk-list-inline\">\r\n                        <li id=\"liAddressFooter\">\r\n                            <div class=\"tableFrame\">\r\n                                 <div class=\"tableCell\"><span class=\"uk-icon-justify uk-icon-map-marker\"></span></div> \r\n                                 <div class=\"tableCell\"><span id=\"addressContactFooter\">1031 Budapest, Zaránd u. 17/b</span></div> \r\n                            </div>\r\n                        </li>\r\n                        <li id=\"liPhoneFooter\">\r\n                            <div class=\"tableFrame\">\r\n                                 <div class=\"tableCell\"><span class=\"uk-icon-justify uk-icon-phone\"></span></div>\r\n                                 <div class=\"tableCell\"><span id=\"phoneContactFooter\">+36 30 423-8275</span></div>\r\n                            </div>    \r\n                        </li>\r\n                        <li id=\"liEmailFooter\">\r\n                            <div class=\"tableFrame\">\r\n                                <div class=\"tableCell\"><span class=\"uk-icon-justify uk-icon-envelope-o\"></span></div>\r\n                                <div class=\"tableCell\"><span id=\"emailContactFooter\" cmdmailto=\"on\">info@kisviragcsana.hu</span></div>\r\n                            </div>\r\n                        </li>\r\n                    </ul>\r\n                    <div class=\"uk-clearfix\"></div>\r\n                    <div id=\"divgooglemapFooter\" class=\"uk-footer-displayNone\">\r\n                        <div id=\"google_maps_footer\" cmdlat=\"51.5007292\" cmdlong=\"-0.1246254\" style=\"position: relative; overflow: hidden;\" cmdaddressname=\"\"></div>\r\n                    </div>\r\n                </div>\r\n            </div>\r\n        </div>    \r\n            \r\n        <div class=\"uk-container uk-container-center rvsb-bg-footer\">\r\n            <div class=\"uk-grid\" id=\"socailandcopyright\">\r\n                <div id=\"socailFooter\" class=\"uk-width-small-1-2 uk-text-center-small\">\r\n                    <a cmdhref=\"https://www.facebook.com/KisviragCsaNa\" class=\"uk-icon-button uk-icon-facebook\" target=\"\"></a>\r\n                    <a cmdhref=\"\" class=\"uk-icon-button uk-icon-twitter\" target=\"\" style=\"display: none;\"></a>\r\n                    <a cmdhref=\"\" class=\"uk-icon-button uk-icon-google-plus\" target=\"\" style=\"display: none;\"></a>\r\n                    <a cmdhref=\"\" class=\"uk-icon-button uk-icon-instagram\" target=\"\" style=\"display: none;\"></a>\r\n                </div>\r\n                <div id=\"copyrightFooter\" class=\"uk-width-small-1-2 uk-text-right uk-text-center-small\">© 2021 Kisvirág Családi Bölcsöde</div>\r\n            </div>    \r\n        </div>\r\n        <div class=\"uk-container uk-container-center rvsb-bg-footer uk-footer-displayNone\">\r\n            <div id=\"sitemapFooter\" class=\"uk-footer-displayNone\">\r\n                <a href=\"\" class=\"sitemapFooterLink\" target=\"\">Home</a> |\r\n                <a href=\"\" class=\"sitemapFooterLink\" target=\"\">About Us</a> |\r\n                <a href=\"\" class=\"sitemapFooterLink\" target=\"\">News &amp; Event</a> |\r\n                <a href=\"\" class=\"sitemapFooterLink\" target=\"\">Download</a> |\r\n                <a href=\"\" class=\"sitemapFooterLink\" target=\"\">Links</a> |\r\n                <a href=\"\" class=\"sitemapFooterLink\" target=\"\">Contact Us</a>\r\n            </div>\r\n        </div>\r\n        <div id=\"getDetailNavigator\" cmdalign=\"uk-align-left\" cmdtextalign=\"rv-text-left\" cmdhiddennav=\"show\" cmdhiddensubmenu=\"show\" cmdnavstyle=\"style2\" cmdfirstuploadfavicon=\"false\" cmdshowfavicon=\"show\"></div>\r\n        <div id=\"getContentWidth\" cmdwidth=\"\"></div>\r\n    </div>\r\n</div>');
REPLACE INTO `rvs_project_info` (`project_info_id`, `template_item_id`, `font_id`, `navigator_id`, `rvs_category_id`, `charset_id`, `project_company`, `project_slogan`, `project_logo`, `project_title`, `project_keyword`, `project_description`, `project_domain`, `check_step`, `effect_site_enter`, `duration_site_enter`, `last_update`, `layout_template_id`, `i_pathway`, `i_mail`, `i_print`, `i_favorite`, `no_slogan`, `no_company_name`, `navigator_name_id`, `is_member_page`) VALUES ('d16ba2af7f2a42c71df8a2ffe1063749', 'c0c6fc26100a75892812f228fe64e1fe', '15', '1f3dadf231c3301f5b97ac119a3b3578', '2', '25', '<br>', '<p><p></p><p><br></p><p></p></p>', 'LOGO.jpg', 'Kisvirág Családi Bölcsöde Óbuda', 'bölcsöde, óbuda, magánbölcsöde,', '', 'kisviragcsana.hu', '5', NULL, NULL, '1613412353', '5b7a994edd971a207ddb115a9855ef99', '1', '1', '1', '1', '0', '0', '3', '0');
REPLACE INTO `rvs_project_layout_page` (`project_id`, `project_page_id`, `parent_project_page_id`, `priority`, `is_home`) VALUES ('b4c4ad77ba14fe778187762f6ca1f199', '064b4cd5e3b3f823a55017544e21a06e', '1ecbe9b552b37ffa5f230fae7b99872b', '4', '0');
REPLACE INTO `rvs_project_layout_page` (`project_id`, `project_page_id`, `parent_project_page_id`, `priority`, `is_home`) VALUES ('b4c4ad77ba14fe778187762f6ca1f199', 'b1015f232578674fca7dcb5a8bb487c6', '1ecbe9b552b37ffa5f230fae7b99872b', '3', '0');
REPLACE INTO `rvs_project_layout_page` (`project_id`, `project_page_id`, `parent_project_page_id`, `priority`, `is_home`) VALUES ('b4c4ad77ba14fe778187762f6ca1f199', '39f8baac42e902f40f9701ed06665330', '1ecbe9b552b37ffa5f230fae7b99872b', '2', '0');
REPLACE INTO `rvs_project_layout_page` (`project_id`, `project_page_id`, `parent_project_page_id`, `priority`, `is_home`) VALUES ('b4c4ad77ba14fe778187762f6ca1f199', '204a50965f890f34488e61ae482da2fd', '0', '4', '0');
REPLACE INTO `rvs_project_layout_page` (`project_id`, `project_page_id`, `parent_project_page_id`, `priority`, `is_home`) VALUES ('b4c4ad77ba14fe778187762f6ca1f199', '6b93fa30c03cd7071f0ef9c9bd453cde', '1ecbe9b552b37ffa5f230fae7b99872b', '1', '0');
REPLACE INTO `rvs_project_layout_page` (`project_id`, `project_page_id`, `parent_project_page_id`, `priority`, `is_home`) VALUES ('b4c4ad77ba14fe778187762f6ca1f199', 'b742cd090b22ab550e6a9c2f71a9b396', '0', '6', '0');
REPLACE INTO `rvs_project_layout_page` (`project_id`, `project_page_id`, `parent_project_page_id`, `priority`, `is_home`) VALUES ('b4c4ad77ba14fe778187762f6ca1f199', '529892fc46d9e860852ee6a07b7c7970', '0', '5', '0');
REPLACE INTO `rvs_project_layout_page` (`project_id`, `project_page_id`, `parent_project_page_id`, `priority`, `is_home`) VALUES ('b4c4ad77ba14fe778187762f6ca1f199', '5ac7d8a313ac395441db170acb7a2cca', '0', '3', '0');
REPLACE INTO `rvs_project_layout_page` (`project_id`, `project_page_id`, `parent_project_page_id`, `priority`, `is_home`) VALUES ('b4c4ad77ba14fe778187762f6ca1f199', '017e32edc2890485e972011fbc15dcb7', '0', '1', '1');
REPLACE INTO `rvs_project_layout_page` (`project_id`, `project_page_id`, `parent_project_page_id`, `priority`, `is_home`) VALUES ('b4c4ad77ba14fe778187762f6ca1f199', '1ecbe9b552b37ffa5f230fae7b99872b', '0', '2', '0');
REPLACE INTO `rvs_project_layout_page` (`project_id`, `project_page_id`, `parent_project_page_id`, `priority`, `is_home`) VALUES ('b4c4ad77ba14fe778187762f6ca1f199', '3710d1289e3784c0a0df800f4d2abcba', '204a50965f890f34488e61ae482da2fd', '1', '0');
REPLACE INTO `rvs_project_page_to_layout` (`project_page_id`, `project_id`, `layout_template_user_id`) VALUES ('1ecbe9b552b37ffa5f230fae7b99872b', 'b4c4ad77ba14fe778187762f6ca1f199', '1');
REPLACE INTO `rvs_layout_template_user` (`layout_template_user_id`, `layout_name`, `layout_template_name`) VALUES ('1', '16_0', 'default master');
REPLACE INTO `rvs_project_page_to_layout` (`project_page_id`, `project_id`, `layout_template_user_id`) VALUES ('5ac7d8a313ac395441db170acb7a2cca', 'b4c4ad77ba14fe778187762f6ca1f199', '1');
REPLACE INTO `rvs_project_page_to_layout` (`project_page_id`, `project_id`, `layout_template_user_id`) VALUES ('3710d1289e3784c0a0df800f4d2abcba', 'b4c4ad77ba14fe778187762f6ca1f199', '1');
REPLACE INTO `rvs_project_page_to_layout` (`project_page_id`, `project_id`, `layout_template_user_id`) VALUES ('529892fc46d9e860852ee6a07b7c7970', 'b4c4ad77ba14fe778187762f6ca1f199', '1');
REPLACE INTO `rvs_project_page_to_layout` (`project_page_id`, `project_id`, `layout_template_user_id`) VALUES ('b742cd090b22ab550e6a9c2f71a9b396', 'b4c4ad77ba14fe778187762f6ca1f199', '1');
REPLACE INTO `rvs_project_page_to_layout` (`project_page_id`, `project_id`, `layout_template_user_id`) VALUES ('6b93fa30c03cd7071f0ef9c9bd453cde', 'b4c4ad77ba14fe778187762f6ca1f199', '1');
REPLACE INTO `rvs_project_page_to_layout` (`project_page_id`, `project_id`, `layout_template_user_id`) VALUES ('204a50965f890f34488e61ae482da2fd', 'b4c4ad77ba14fe778187762f6ca1f199', '1');
REPLACE INTO `rvs_project_page_to_layout` (`project_page_id`, `project_id`, `layout_template_user_id`) VALUES ('39f8baac42e902f40f9701ed06665330', 'b4c4ad77ba14fe778187762f6ca1f199', '1');
REPLACE INTO `rvs_project_page_to_layout` (`project_page_id`, `project_id`, `layout_template_user_id`) VALUES ('b1015f232578674fca7dcb5a8bb487c6', 'b4c4ad77ba14fe778187762f6ca1f199', '1');
REPLACE INTO `rvs_project_page_to_layout` (`project_page_id`, `project_id`, `layout_template_user_id`) VALUES ('064b4cd5e3b3f823a55017544e21a06e', 'b4c4ad77ba14fe778187762f6ca1f199', '1');
REPLACE INTO `rvs_project_page` (`project_page_id`, `rvs_usr_id`, `page_name`, `custom_page_name`, `rvs_component_id`, `page_data`, `page_data_zone_2`, `page_data_zone_3`, `page_data_zone_4`, `colume_width_1`, `colume_width_2`, `colume_width_3`, `rvs_layout_id`, `head`, `page_title`, `meta_keyword`, `meta_description`, `effect_page_enter`, `duration_page_enter`, `meta_page_effect`, `rvs_link_id`, `target`, `form_template_id`, `i_pathway`, `i_mail`, `i_print`, `i_favorite`, `last_modifier`, `link_active`, `page_type`, `blank_page`, `set_draft`, `is_member_page`) VALUES ('064b4cd5e3b3f823a55017544e21a06e', '710d448bf69e6e8944cc6d081761653d', 'Foglalkozásaink', '', '', '\n\n\n\n\n\n<!-- wysiwyg get data cannot delete id=layout_zone1 -->\n<div class=\"uk-container uk-container-center rv-block-full\"><div>\n    <div class=\"uk-container uk-container-center rv-block-full\">\n        <div class=\"uk-grid\" data-uk-grid-margin=\"\">\n            <div class=\"uk-width-1-1 design-block uk-row-first\" rv-layout=\"100\">\n                <div class=\"layoutfix\">\n                    <div id=\"editable_area_content\" class=\"editable_area designBlock ui-sortable\"></div>\n                </div>\n            </div>\n        </div>\n    </div>\n</div></div>', NULL, NULL, NULL, NULL, NULL, NULL, '0', '', NULL, NULL, NULL, NULL, NULL, '', '', '_self', '', NULL, NULL, NULL, NULL, '1613073777', NULL, NULL, '0', '0', '0');
REPLACE INTO `rvs_project_page` (`project_page_id`, `rvs_usr_id`, `page_name`, `custom_page_name`, `rvs_component_id`, `page_data`, `page_data_zone_2`, `page_data_zone_3`, `page_data_zone_4`, `colume_width_1`, `colume_width_2`, `colume_width_3`, `rvs_layout_id`, `head`, `page_title`, `meta_keyword`, `meta_description`, `effect_page_enter`, `duration_page_enter`, `meta_page_effect`, `rvs_link_id`, `target`, `form_template_id`, `i_pathway`, `i_mail`, `i_print`, `i_favorite`, `last_modifier`, `link_active`, `page_type`, `blank_page`, `set_draft`, `is_member_page`) VALUES ('b1015f232578674fca7dcb5a8bb487c6', '710d448bf69e6e8944cc6d081761653d', 'Napirendünk', '', '', '\n\n\n\n\n<!-- wysiwyg get data cannot delete id=layout_zone1 -->\n<div class=\"uk-container uk-container-center rv-block-full\"><div>\n    <div class=\"uk-container uk-container-center rv-block-full\">\n        <div class=\"uk-grid\" data-uk-grid-margin=\"\">\n            <div class=\"uk-width-1-1 design-block uk-row-first\" rv-layout=\"100\">\n                <div class=\"layoutfix\">\n                    <div id=\"editable_area_content\" class=\"editable_area designBlock ui-sortable\"></div>\n                </div>\n            </div>\n        </div>\n    </div>\n</div></div>', NULL, NULL, NULL, NULL, NULL, NULL, '0', '', NULL, NULL, NULL, NULL, NULL, '', '', '_self', '', NULL, NULL, NULL, NULL, '1613073592', NULL, NULL, '0', '0', '0');
REPLACE INTO `rvs_project_page` (`project_page_id`, `rvs_usr_id`, `page_name`, `custom_page_name`, `rvs_component_id`, `page_data`, `page_data_zone_2`, `page_data_zone_3`, `page_data_zone_4`, `colume_width_1`, `colume_width_2`, `colume_width_3`, `rvs_layout_id`, `head`, `page_title`, `meta_keyword`, `meta_description`, `effect_page_enter`, `duration_page_enter`, `meta_page_effect`, `rvs_link_id`, `target`, `form_template_id`, `i_pathway`, `i_mail`, `i_print`, `i_favorite`, `last_modifier`, `link_active`, `page_type`, `blank_page`, `set_draft`, `is_member_page`) VALUES ('39f8baac42e902f40f9701ed06665330', '710d448bf69e6e8944cc6d081761653d', 'Gondozóink', '', '', '\n\n\n\n\n<!-- wysiwyg get data cannot delete id=layout_zone1 -->\n<div class=\"uk-container uk-container-center rv-block-full\"><div>\n    <div class=\"uk-container uk-container-center rv-block-full\">\n        <div class=\"uk-grid\" data-uk-grid-margin=\"\">\n            <div class=\"uk-width-1-1 design-block uk-row-first\" rv-layout=\"100\">\n                <div class=\"layoutfix\">\n                    <div id=\"editable_area_content\" class=\"editable_area designBlock ui-sortable\"></div>\n                </div>\n            </div>\n        </div>\n    </div>\n</div></div>', NULL, NULL, NULL, NULL, NULL, NULL, '0', '', NULL, NULL, NULL, NULL, NULL, '', '', '_self', '', NULL, NULL, NULL, NULL, '1613073461', NULL, NULL, '0', '0', '0');
REPLACE INTO `rvs_project_page` (`project_page_id`, `rvs_usr_id`, `page_name`, `custom_page_name`, `rvs_component_id`, `page_data`, `page_data_zone_2`, `page_data_zone_3`, `page_data_zone_4`, `colume_width_1`, `colume_width_2`, `colume_width_3`, `rvs_layout_id`, `head`, `page_title`, `meta_keyword`, `meta_description`, `effect_page_enter`, `duration_page_enter`, `meta_page_effect`, `rvs_link_id`, `target`, `form_template_id`, `i_pathway`, `i_mail`, `i_print`, `i_favorite`, `last_modifier`, `link_active`, `page_type`, `blank_page`, `set_draft`, `is_member_page`) VALUES ('204a50965f890f34488e61ae482da2fd', '710d448bf69e6e8944cc6d081761653d', 'Információk', '', '', '\n\n\n\n\n\n\n\n\n\n\n\n\n\n\n\n\n\n\n\n\n\n\n\n\n\n\n\n\n\n\n\n<!-- wysiwyg get data cannot delete id=layout_zone1 -->\n<div class=\"uk-container uk-container-center rv-block-full\"><style>\n.rv-crop-img  {  \n      max-height:240px;  \n      overflow:hidden;  \n}   \n</style>   	\n \n <div>\n        <div class=\"uk-container uk-container-center rv-block-full\">\n            <div class=\"uk-grid\" data-uk-grid-margin=\"\">\n                <div class=\"uk-width-1-1 design-block uk-row-first\" rv-layout=\"100\">\n                    <div class=\"layoutfix\">\n                        <div id=\"editable_area_content\" class=\"editable_area designBlock ui-sortable\"></div><!--editable_area_content -->    \n                    </div><!-- End layoutfix -->          \n                </div> <!-- End rv-layout=100 -->\n            </div><!-- End uk-grid -->\n        </div><!-- End uk-container uk-container-center -->\n     </div><!-- End bgContent  --></div>', NULL, NULL, NULL, NULL, NULL, NULL, '0', '', NULL, NULL, NULL, NULL, NULL, '', '', '_self', '', NULL, NULL, NULL, NULL, '1613073143', NULL, NULL, '0', '0', '0');
REPLACE INTO `rvs_project_page` (`project_page_id`, `rvs_usr_id`, `page_name`, `custom_page_name`, `rvs_component_id`, `page_data`, `page_data_zone_2`, `page_data_zone_3`, `page_data_zone_4`, `colume_width_1`, `colume_width_2`, `colume_width_3`, `rvs_layout_id`, `head`, `page_title`, `meta_keyword`, `meta_description`, `effect_page_enter`, `duration_page_enter`, `meta_page_effect`, `rvs_link_id`, `target`, `form_template_id`, `i_pathway`, `i_mail`, `i_print`, `i_favorite`, `last_modifier`, `link_active`, `page_type`, `blank_page`, `set_draft`, `is_member_page`) VALUES ('6b93fa30c03cd7071f0ef9c9bd453cde', '710d448bf69e6e8944cc6d081761653d', 'Rólunk', '', '', '\n\n<!-- wysiwyg get data cannot delete id=layout_zone1 -->\n<div class=\"uk-container uk-container-center rv-block-full\"><div>\n    <div class=\"uk-container uk-container-center rv-block-full\">\n        <div class=\"uk-grid\" data-uk-grid-margin=\"\">\n            <div class=\"uk-width-1-1 design-block uk-row-first\" rv-layout=\"100\">\n                <div class=\"layoutfix\">\n                    <div id=\"editable_area_content\" class=\"editable_area designBlock ui-sortable\"></div>\n                </div>\n            </div>\n        </div>\n    </div>\n</div></div>', NULL, NULL, NULL, NULL, NULL, NULL, '0', '', NULL, NULL, NULL, NULL, NULL, '', '', '_self', '', NULL, NULL, NULL, NULL, '1613073220', NULL, NULL, '0', '0', '0');
REPLACE INTO `rvs_project_page` (`project_page_id`, `rvs_usr_id`, `page_name`, `custom_page_name`, `rvs_component_id`, `page_data`, `page_data_zone_2`, `page_data_zone_3`, `page_data_zone_4`, `colume_width_1`, `colume_width_2`, `colume_width_3`, `rvs_layout_id`, `head`, `page_title`, `meta_keyword`, `meta_description`, `effect_page_enter`, `duration_page_enter`, `meta_page_effect`, `rvs_link_id`, `target`, `form_template_id`, `i_pathway`, `i_mail`, `i_print`, `i_favorite`, `last_modifier`, `link_active`, `page_type`, `blank_page`, `set_draft`, `is_member_page`) VALUES ('b742cd090b22ab550e6a9c2f71a9b396', '710d448bf69e6e8944cc6d081761653d', 'Rólunk mondták', '', '', '\n\n\n\n\n\n\n\n\n\n\n\n\n\n\n\n\n\n\n\n\n\n\n\n\n\n\n\n\n\n\n\n<!-- wysiwyg get data cannot delete id=layout_zone1 -->\n<div class=\"uk-container uk-container-center rv-block-full\"><style style=\"\">\n.rv-crop-img  {  \n      max-height:240px;  \n      overflow:hidden;  \n}   \n</style>   	\n \n <div>\n        <div class=\"uk-container uk-container-center rv-block-full\">\n            <div class=\"uk-grid\" data-uk-grid-margin=\"\">\n                <div class=\"uk-width-1-1 design-block uk-row-first\" rv-layout=\"100\">\n                    <div class=\"layoutfix\">\n                        <div id=\"editable_area_content\" class=\"editable_area designBlock ui-sortable\"><div class=\"mg\">\n        <div class=\"uk-container uk-container-center\"> <!-- Set Row Full width must use class  of Design block -->\n         <div class=\"rvsb_design_block bgContent\">         <!-- Set Background of Design block -->\n             <div class=\"uk-container uk-container-center \"> <!-- Set Full width must use class  of Design block -->\n                 <div class=\"uk-grid ui-sortable\">\n                    <div class=\"uk-width-medium-1-1\" style=\"\">\n                        <div id=\"editable_area_customaa853940c6ed43cf6cf9f4bf0d5336d80\" data-ph=\"Editable Area. Backspace tab to remove this block.\" class=\"RVWYSIWYGAREA areaCustom\" designmode=\"off\" style=\"display: block;\">   \n                             <h2 class=\"rv-text-center\">Köszönjük a szülőknek, hogy ránk bízták a gyermekeiket!</h2>  \n                        </div>\n                        <div class=\"uk-grid-margin\"></div> \n                     </div>    \n                    \n                    <div class=\"uk-width-medium-1-4\" style=\"position: relative;\">\n                        <div id=\"editable_area_customaa853940c6ed43cf6cf9f4bf0d5336d82\" data-ph=\"Editable Area. Backspace tab to remove this block.\" class=\"RVWYSIWYGAREA areaCustom\" designmode=\"off\" style=\"display: block;\"> \n                             <h3><span style=\"font-weight: normal;\">A mi fiúnk is ide jár és nagyon jó tapasztalatunk van a bölcsivel. Odafigyelnek a részletekre és kivaló kert áll a gyermekek rendelkezesere. Mindenkinek szívből tudom ajánlani.&nbsp;&nbsp;(Soós Zoltán)</span></h3><ul class=\"uk-list-space\">\n                             </ul>\n                        </div> \n                        <div class=\"uk-grid-margin\"></div>     \n                    </div>\n                    <div class=\"uk-width-medium-1-4\" style=\"\">\n                        <div id=\"editable_area_customaa853940c6ed43cf6cf9f4bf0d5336d83\" data-ph=\"Editable Area. Backspace tab to remove this block.\" class=\"RVWYSIWYGAREA areaCustom\" designmode=\"off\" style=\"display: block;\"> \n                             <h3><span style=\"font-weight: normal;\">Szívből ajánlom mindenkinek! Igazi CSALÁDI bölcsőde, a legjobb döntés volt, hogy mellettük döntöttünk! ❤ A kislányunk nagyon szeret járni. Minden nap valami izgi ötlettel várják a gyerekeket, nagyon sokat mondókáznak, tornáznak, kreatívkodnak. A \"béke szigete\" ❤&nbsp;(Szőke Ildikó)</span></h3><ul class=\"uk-list-space\">\n                             </ul>\n                        </div> \n                        <div class=\"uk-grid-margin\"></div>     \n                    </div>\n                    <div class=\"uk-width-medium-1-4\" style=\"\">\n                        <div id=\"editable_area_customaa853940c6ed43cf6cf9f4bf0d5336d84\" data-ph=\"Editable Area. Backspace tab to remove this block.\" class=\"RVWYSIWYGAREA areaCustom\" style=\"background-color: rgba(65, 224, 210, 0); display: block;\" designmode=\"off\"> \n                             <h3><span style=\"font-weight: normal;\">Ági néni és Réka néni gondoskodik, játszik, kreatívan tanít, nevel, odafigyel. De a legfontosabb, hogy szeret. Azt kívánom minden bölcsibe kerülő gyermeknek, hogy olyan szeretetteljes és biztonságot adó légkörben tölthesse a napjait, mint a kisvirágosok!&nbsp;&nbsp;(Rehoregh Györgyi)</span></h3><ul class=\"uk-list-space\">\n                             </ul>\n                        </div> \n                        <div class=\"uk-grid-margin\"></div>     \n                    </div><div class=\"uk-width-medium-1-4\" style=\"\">\n                        <div id=\"editable_area_customaa853940c6ed43cf6cf9f4bf0d5336d840\" data-ph=\"Editable Area. Backspace tab to remove this block.\" class=\"RVWYSIWYGAREA areaCustom\" style=\"background-color: rgba(65, 224, 210, 0); display: block;\" designmode=\"off\"> \n                             <h3><span style=\"font-weight: normal;\">Szívből ajánlom mindenkinek a Kisvirág Bölcsit. A kisfiam is ide járt, most pedig a kislányom is. Rengeteg szeretet kapnak és minden nap foglalkoznak velük, tornáznak, énekelnek, kézműveskednek, sokat vannak kint az udvaron, ami tágas napfényes és ha kell árnyékos, szóval minden szempontból tökéletes.&nbsp;(Erdélyi Dóra)</span></h3><ul class=\"uk-list-space\">\n                             </ul>\n                        </div> \n                        <div class=\"uk-grid-margin\"></div>     \n                    </div>\n                 </div>\n             </div>\n         </div>\n         </div>\n        </div></div></div></div></div></div></div></div>', NULL, NULL, NULL, NULL, NULL, NULL, '0', '', NULL, NULL, NULL, NULL, NULL, '', '', '_self', '', NULL, NULL, NULL, NULL, '1613072445', NULL, NULL, '0', '0', '0');
REPLACE INTO `rvs_project_page` (`project_page_id`, `rvs_usr_id`, `page_name`, `custom_page_name`, `rvs_component_id`, `page_data`, `page_data_zone_2`, `page_data_zone_3`, `page_data_zone_4`, `colume_width_1`, `colume_width_2`, `colume_width_3`, `rvs_layout_id`, `head`, `page_title`, `meta_keyword`, `meta_description`, `effect_page_enter`, `duration_page_enter`, `meta_page_effect`, `rvs_link_id`, `target`, `form_template_id`, `i_pathway`, `i_mail`, `i_print`, `i_favorite`, `last_modifier`, `link_active`, `page_type`, `blank_page`, `set_draft`, `is_member_page`) VALUES ('529892fc46d9e860852ee6a07b7c7970', '710d448bf69e6e8944cc6d081761653d', 'Elérhetőségeink', '', '', '\n\n\n\n\n\n\n\n\n\n\n\n\n\n\n\n\n\n\n\n\n<!-- wysiwyg get data cannot delete id=layout_zone1 -->\n<div class=\"uk-container uk-container-center rv-block-full\"><style>\n.rv-crop-img  {  \n      max-height:240px;  \n      overflow:hidden;  \n}   \n</style>   	\n \n <div>\n        <div class=\"uk-container uk-container-center rv-block-full\">\n            <div class=\"uk-grid\" data-uk-grid-margin=\"\">\n                <div class=\"uk-width-1-1 design-block uk-row-first\" rv-layout=\"100\">\n                    <div class=\"layoutfix\">\n                        <div id=\"editable_area_content\" class=\"editable_area designBlock ui-sortable\"><div class=\"mg\">\n        <div class=\"uk-container uk-container-center rv-block-full\"> <!-- Set Row Full width must use class  of Design block -->\n           <div class=\"rvsb_design_block bgContent\">         <!-- Set Background of Design block -->\n               <div class=\"uk-container uk-container-center \"> <!-- Set Full width must use class  of Design block -->\n                 <div class=\"uk-grid ui-sortable\">\n                    <div class=\"uk-width-medium-1-1\" style=\"position: relative;\">\n                        <div id=\"editable_area_custom1f324b27194e59fad2da5124ee8de9fe0\" data-ph=\"Editable Area. Backspace tab to remove this block.\" class=\"RVWYSIWYGAREA areaCustom\" designmode=\"off\" style=\"display: block; background-color: rgba(0, 0, 0, 0);\">\n                            <h1 style=\"text-align:center;\"><font color=\"#615d5b\" class=\"\">Itt találja a Kisvirágot!</font></h1>  \n                            <h3 class=\"rv-text-center\"><font color=\"#615d5b\" class=\"\">Kedves Szülők! Keressnek bennünket bizalommal!</font></h3>\n                              <p class=\"rv-text-center\"><font color=\"#615d5b\" class=\"\">Ági néni és Réka néni</font></p>                         \n                        </div> \n                        <div class=\"uk-grid-margin\"></div>   \n                    </div>\n                    \n                    <div class=\"uk-width-medium-1-3\" style=\"\">\n                        <div class=\"rv-block-shadow RVWYSIWYGAREA areaCustom\" id=\"editable_area_custom1f324b27194e59fad2da5124ee8de9fe1\" data-ph=\"Editable Area. Backspace tab to remove this block.\" designmode=\"off\" style=\"display: block;\">\n                            <div class=\"rv-panel-box rv-text-center\">\n                                <div class=\"rv-text-center\"><hr class=\"clearhr uk-icon-map-marker uk-icon-large\" style=\"color:#8e8e8e;\"></div>\n                                <h2 class=\"rv-text-center\"><font color=\"#615d5b\" class=\"\">Címünk</font></h2><div><font color=\"#615d5b\" class=\"\">1031 Budapest, Zarán<font class=\"\">d u. 17/b</font></font><br></div>                             \n                                <p>\n\n</p> \n                            </div>\n                        </div> \n                        <div class=\"uk-grid-margin\"></div>   \n                    </div>\n                    \n                    <div class=\"uk-width-medium-1-3\" style=\"\">\n                        <div class=\"rv-block-shadow RVWYSIWYGAREA areaCustom\" id=\"editable_area_custom1f324b27194e59fad2da5124ee8de9fe2\" data-ph=\"Editable Area. Backspace tab to remove this block.\" designmode=\"off\" style=\"display: block;\">\n                            <div class=\"rv-panel-box rv-text-center\">\n                                <div class=\"rv-text-center\"><hr class=\"clearhr uk-icon-phone uk-icon-large\" style=\"color:#8e8e8e;\"></div>\n                                <h2 class=\"rv-text-center\"><span style=\"color: rgb(97, 93, 91);\">Telefon</span><br></h2>\n\n<p class=\"rv-text-center\"><font color=\"#615d5b\" class=\"\">+36 30 423-8275</font><br></p>  \n                            </div>\n                        </div> \n                        <div class=\"uk-grid-margin\"></div>   \n                    </div>\n                    \n                     <div class=\"uk-width-medium-1-3\" style=\"\">\n                        <div class=\"rv-block-shadow RVWYSIWYGAREA areaCustom\" id=\"editable_area_custom1f324b27194e59fad2da5124ee8de9fe3\" data-ph=\"Editable Area. Backspace tab to remove this block.\" designmode=\"off\" style=\"display: block;\">\n                            <div class=\"rv-panel-box rv-text-center\">\n                                <div class=\"rv-text-center\"><hr class=\"clearhr uk-icon-envelope uk-icon-large\" style=\"color:#8e8e8e;\"></div>\n                                <h2 class=\"rv-text-center\"><font color=\"#615d5b\" class=\"\">E-mail címünk:</font></h2><div><font color=\"#615d5b\" class=\"\">info@kisviragcsana.hu</font><font color=\"#615d5b\" class=\"\"></font></div>                             \n                                <p class=\"rv-text-center\"><a href=\"javascript:void(0)\" holdhref=\"mailto:admin@yourdomain.com?subject=subject&amp;body=message\" target=\"_blank\" class=\"isLinks isEmail\"></a></p>  \n                            </div>\n                        </div>  \n                        <div class=\"uk-grid-margin\"></div> \n                    </div>\n                 </div>\n             </div>\n            </div>\n         </div>\n        </div></div><!--editable_area_content -->    \n                    </div><!-- End layoutfix -->          \n                </div> <!-- End rv-layout=100 -->\n            </div><!-- End uk-grid -->\n        </div><!-- End uk-container uk-container-center -->\n     </div><!-- End bgContent  --></div>', NULL, NULL, NULL, NULL, NULL, NULL, '0', '', NULL, NULL, NULL, NULL, NULL, '', '', '_self', '', NULL, NULL, NULL, NULL, '1612990804', NULL, NULL, '0', '0', '0');
REPLACE INTO `rvs_project_page` (`project_page_id`, `rvs_usr_id`, `page_name`, `custom_page_name`, `rvs_component_id`, `page_data`, `page_data_zone_2`, `page_data_zone_3`, `page_data_zone_4`, `colume_width_1`, `colume_width_2`, `colume_width_3`, `rvs_layout_id`, `head`, `page_title`, `meta_keyword`, `meta_description`, `effect_page_enter`, `duration_page_enter`, `meta_page_effect`, `rvs_link_id`, `target`, `form_template_id`, `i_pathway`, `i_mail`, `i_print`, `i_favorite`, `last_modifier`, `link_active`, `page_type`, `blank_page`, `set_draft`, `is_member_page`) VALUES ('5ac7d8a313ac395441db170acb7a2cca', '710d448bf69e6e8944cc6d081761653d', 'Galéria', '', '', '\n\n\n\n\n\n\n\n\n\n\n\n\n\n\n\n\n\n\n\n\n<!-- wysiwyg get data cannot delete id=layout_zone1 -->\n<div class=\"uk-container uk-container-center rv-block-full\"><style>\n.rv-crop-img  {  \n      max-height:240px;  \n      overflow:hidden;  \n}   \n</style>   	\n \n <div>\n        <div class=\"uk-container uk-container-center rv-block-full\">\n            <div class=\"uk-grid\" data-uk-grid-margin=\"\">\n                <div class=\"uk-width-1-1 design-block uk-row-first\" rv-layout=\"100\">\n                    <div class=\"layoutfix\">\n                        <div id=\"editable_area_content\" class=\"editable_area designBlock ui-sortable\"><div class=\"mg\">\n         <div class=\"uk-container uk-container-center rv-block-full\"> <!-- Set Row Full width must use class  of Design block -->\n           <div class=\"rvsb_design_block bgContent\">       <!-- Set Background of Design block -->\n               <div class=\"uk-container uk-container-center \"> <!-- Set Full width must use class  of Design block -->\n                 <div class=\"uk-grid\">\n                    <div class=\"uk-width-1-2 uk-grid-margin\" style=\"\">\n                        <div id=\"editable_area_custom1612519348b7c670fef2bd907e3275d30\" data-ph=\"Editable Area. Backspace tab to remove this block.\" class=\"RVWYSIWYGAREA areaCustom\" designmode=\"off\" style=\"display: block;\">\n                            <p><img src=\"{IMAGE_URL}/1612986478881rvcopy_1612986479.jpg?n=1612986479810set\" style=\"\"></p>\n                        </div>\n                    </div>\n                    <div class=\"uk-width-1-2 uk-grid-margin\" style=\"\">\n                        <div id=\"editable_area_custom1612519348b7c670fef2bd907e3275d31\" data-ph=\"Editable Area. Backspace tab to remove this block.\" class=\"RVWYSIWYGAREA areaCustom\" designmode=\"off\" style=\"display: block;\">\n                            <p><img src=\"{IMAGE_URL}/1612986495500rvcopy_1612986495.jpg?n=1612986496200set\" crossorigin=\"anonymous\" style=\"\"></p>\n                        </div>\n                    </div>\n                     <div class=\"uk-width-1-2 uk-grid-margin\" style=\"\">\n                        <div id=\"editable_area_custom1612519348b7c670fef2bd907e3275d32\" data-ph=\"Editable Area. Backspace tab to remove this block.\" class=\"RVWYSIWYGAREA areaCustom\" designmode=\"off\" style=\"display: block;\">\n                            <p><img src=\"{IMAGE_URL}/1612986517564rvcopy_1612986518.jpg?n=1612986518201set\" style=\"\"></p>\n                        </div>\n                    </div>\n                    <div class=\"uk-width-1-2 uk-grid-margin\" style=\"\">\n                        <div id=\"editable_area_custom1612519348b7c670fef2bd907e3275d33\" data-ph=\"Editable Area. Backspace tab to remove this block.\" class=\"RVWYSIWYGAREA areaCustom\" designmode=\"off\" style=\"display: block;\">\n                            <p><img src=\"{IMAGE_URL}/1612986528796rvcopy_1612986530.jpg?n=1612986530179set\" style=\"\"></p>\n                        </div>\n                    </div>\n                 </div>\n             </div>\n           </div>\n         </div>\n        </div><div class=\"mg\">\n         <div class=\"uk-container uk-container-center rv-block-full\"> <!-- Set Row Full width must use class  of Design block -->\n           <div class=\"rvsb_design_block bgContent\">       <!-- Set Background of Design block -->\n               <div class=\"uk-container uk-container-center \"> <!-- Set Full width must use class  of Design block -->\n                 <div class=\"uk-grid\">\n                    <div class=\"uk-width-1-2 uk-grid-margin\" style=\"\">\n                        <div id=\"editable_area_custom5357e0bcacdcc8fc66b63193c3eab0890\" data-ph=\"Editable Area. Backspace tab to remove this block.\" class=\"RVWYSIWYGAREA areaCustom\" designmode=\"off\" style=\"display: block;\">\n                            <p><img src=\"{IMAGE_URL}/1612986712486rvcopy_1612986713.jpg?n=1612986713178set\" crossorigin=\"anonymous\" style=\"\"></p>\n                        </div>\n                    </div>\n                    <div class=\"uk-width-1-2 uk-grid-margin\" style=\"\">\n                        <div id=\"editable_area_custom5357e0bcacdcc8fc66b63193c3eab0891\" data-ph=\"Editable Area. Backspace tab to remove this block.\" class=\"RVWYSIWYGAREA areaCustom\" designmode=\"off\" style=\"display: block;\">\n                            <p><img src=\"{IMAGE_URL}/1612986730795rvcopy_1612986731.jpg?n=1612986732102set\" style=\"\"></p>\n                        </div>\n                    </div>\n                     <div class=\"uk-width-1-2 uk-grid-margin\" style=\"\">\n                        <div id=\"editable_area_custom5357e0bcacdcc8fc66b63193c3eab0892\" data-ph=\"Editable Area. Backspace tab to remove this block.\" class=\"RVWYSIWYGAREA areaCustom\" designmode=\"off\" style=\"display: block;\">\n                            <p><img src=\"{IMAGE_URL}/1612986753626rvcopy_1612986754.jpg?n=1612986754240set\" crossorigin=\"anonymous\" style=\"\"></p>\n                        </div>\n                    </div>\n                    <div class=\"uk-width-1-2 uk-grid-margin\" style=\"\">\n                        <div id=\"editable_area_custom5357e0bcacdcc8fc66b63193c3eab0893\" data-ph=\"Editable Area. Backspace tab to remove this block.\" class=\"RVWYSIWYGAREA areaCustom\" designmode=\"off\" style=\"display: block;\">\n                            <p><img src=\"{IMAGE_URL}/1612986861193rvcopy_1612986861.jpg?n=1612986861976set\" crossorigin=\"anonymous\" style=\"\"></p>\n                        </div>\n                    </div>\n                 </div>\n             </div>\n           </div>\n         </div>\n        </div><div class=\"mg mgwidget\">              <div class=\"uk-container uk-container-center rv-block-full\">                  <div class=\"rvsb_design_block bgContent\" id=\"editable_area_custom16a7fde8aeeec4cbbf1e83658df585e5\">      <div class=\"widgetFBMenuBar navMenuAll\" style=\"display: none;\">           <div class=\"handledMove\" style=\"cursor:move;\" title=\"Move\"><span></span></div>           <div class=\"handledRemove\" style=\"cursor:pointer;\" onclick=\"RVwys.uikit.blockprop.remove(this);\" title=\"Remove\"><span></span></div>           <div class=\"handledProp\" style=\"cursor:pointer;\" onclick=\"RVwys.widget.facebook.showProp(this);\" title=\"Properties\"><span></span></div>         </div>                       <div class=\"uk-container uk-container-center\">                           <div class=\"uk-grid\" data-uk-grid-margin=\"\">                              <div class=\"uk-width-medium-1-3 uk-row-first\"><img src=\"http://kisviragcsana.hu:2082/cpsess5783094795/3rdparty/rvsitebuilder/themes/default/sitebuilder/images/spacer.gif\" id=\"7a16e3547d8c7d07fbf71a1a1e23fb5b\" class=\"imgFacebookPage\" align=\"center\" formtype=\"Facebook_page\" cmdhref=\"https://www.facebook.com/KisviragCsaNa\" cmdwidth=\"260\" cmdheight=\"550\" cmdsmallheader=\"false\" cmdadaptcontainerwidth=\"true\" cmdhidcover=\"false\" cmdshowfacefri=\"true\" cmdtabs=\"timeline\" cmdpreviewwys=\"PGlmcmFtZSBuYW1lPSJmYzYwOWYwZjQxNDNlNCIgd2lkdGg9IjEwMDBweCIgaGVpZ2h0PSIxMDAwcHgiIGRhdGEtdGVzdGlkPSJmYjpwYWdlIEZhY2Vib29rIFNvY2lhbCBQbHVnaW4iIHRpdGxlPSJmYjpwYWdlIEZhY2Vib29rIFNvY2lhbCBQbHVnaW4iIGZyYW1lYm9yZGVyPSIwIiBhbGxvd3RyYW5zcGFyZW5jeT0idHJ1ZSIgYWxsb3dmdWxsc2NyZWVuPSJ0cnVlIiBzY3JvbGxpbmc9Im5vIiBhbGxvdz0iZW5jcnlwdGVkLW1lZGlhIiBzcmM9Imh0dHBzOi8vd2ViLmZhY2Vib29rLmNvbS92Mi41L3BsdWdpbnMvcGFnZS5waHA/YWRhcHRfY29udGFpbmVyX3dpZHRoPXRydWUmYW1wO2FwcF9pZD0zNjIwMzkwMTcxNTcyNjAmYW1wO2NoYW5uZWw9aHR0cHMlM0ElMkYlMkZzdGF0aWN4eC5mYWNlYm9vay5jb20lMkZ4JTJGY29ubmVjdCUyRnhkX2FyYml0ZXIlMkYlM0Z2ZXJzaW9uJTNENDYlMjNjYiUzRGYzYjI1NWJkODAyZWFiOCUyNmRvbWFpbiUzRGtpc3ZpcmFnY3NhbmEuaHUlMjZvcmlnaW4lM0RodHRwJTI1M0ElMjUyRiUyNTJGa2lzdmlyYWdjc2FuYS5odSUyNTNBMjA4MiUyNTJGZmFkZTQ3ODA0NzE0ZWMlMjZyZWxhdGlvbiUzRHBhcmVudC5wYXJlbnQmYW1wO2NvbnRhaW5lcl93aWR0aD03MTEmYW1wO2hpZGVfY292ZXI9ZmFsc2UmYW1wO2hyZWY9aHR0cHMlM0ElMkYlMkZ3d3cuZmFjZWJvb2suY29tJTJGS2lzdmlyYWdDc2FOYSZhbXA7bG9jYWxlPWVuX1VTJmFtcDtzZGs9am9leSZhbXA7c2hvd19mYWNlcGlsZT10cnVlJmFtcDtzbWFsbF9oZWFkZXI9ZmFsc2UmYW1wO3RhYnM9dGltZWxpbmUiIHN0eWxlPSJib3JkZXI6IG5vbmU7IHZpc2liaWxpdHk6IHZpc2libGU7IHdpZHRoOiAzNDBweDsgaGVpZ2h0OiA1MDBweDsiIGNsYXNzPSIiPjwvaWZyYW1lPg==\" style=\"width:98.5%;height:150px;margin-top:2px;margin-bottom:2px;margin-left:3px;margin-right:3px;\" onclick=\"RVwys.widget.facebook.showleftMenu(this)\"></div>                              <div class=\"uk-width-medium-2-3\">                                     <div class=\"uk-grid\">                                         <div class=\"uk-width-medium-1-1\" style=\"position: relative;\">                                             <div class=\"RVWYSIWYGAREA\" designmode=\"off\" style=\"display: block;\" id=\"editable_area_custom1cb00812d40ec17b8a7486acfaf56004\">                                                 <h2><hr class=\"clearhr uk-icon-facebook-official uk-icon-large \" style=\"color:#2421a6;\"><br></h2>                                                 <p><font class=\"\">Facebook oldalunkon betekintést kaphat a kisvirágosok mindennapjaiba! Kövessen bennünket!</font></p>                                             </div>                                             <div class=\"uk-grid-margin\"></div>                                          </div>                                                                                                                                                                                                                                              </div>                               </div>                               <div class=\"uk-row-first\"></div>                           </div>                       </div>                  </div>              </div>          </div></div><!--editable_area_content -->    \n                    </div><!-- End layoutfix -->          \n                </div> <!-- End rv-layout=100 -->\n            </div><!-- End uk-grid -->\n        </div><!-- End uk-container uk-container-center -->\n     </div><!-- End bgContent  --></div>', NULL, NULL, NULL, NULL, NULL, NULL, '0', '', NULL, NULL, NULL, NULL, NULL, '', '', '_self', '', NULL, NULL, NULL, NULL, '1612996590', NULL, NULL, '0', '0', '0');
REPLACE INTO `rvs_project_page` (`project_page_id`, `rvs_usr_id`, `page_name`, `custom_page_name`, `rvs_component_id`, `page_data`, `page_data_zone_2`, `page_data_zone_3`, `page_data_zone_4`, `colume_width_1`, `colume_width_2`, `colume_width_3`, `rvs_layout_id`, `head`, `page_title`, `meta_keyword`, `meta_description`, `effect_page_enter`, `duration_page_enter`, `meta_page_effect`, `rvs_link_id`, `target`, `form_template_id`, `i_pathway`, `i_mail`, `i_print`, `i_favorite`, `last_modifier`, `link_active`, `page_type`, `blank_page`, `set_draft`, `is_member_page`) VALUES ('017e32edc2890485e972011fbc15dcb7', '710d448bf69e6e8944cc6d081761653d', 'Főoldal', 'Home', '0', '\n\n\n\n\n\n\n\n\n\n\n\n\n\n\n\n\n\n\n\n\n\n\n\n\n\n\n\n\n\n\n\n\n\n<!-- wysiwyg get data cannot delete id=layout_zone1 -->\n<div class=\"uk-container uk-container-center rv-block-full\"><style style=\"\">\n.rv-crop-img  {  \n      max-height:240px;  \n      overflow:hidden;  \n}   \n</style>   	\n \n <div>\n        <div class=\"uk-container uk-container-center rv-block-full\">\n            <div class=\"uk-grid\" data-uk-grid-margin=\"\">\n                <div class=\"uk-width-1-1 design-block uk-row-first\" rv-layout=\"100\">\n                    <div class=\"layoutfix\">\n                        <div id=\"editable_area_content\" class=\"editable_area designBlock ui-sortable\"><div class=\"mg\">\n         <div class=\"uk-container uk-container-center\"> <!-- Set Row Full width must use class  of Design block -->\n           <div class=\"rvsb_design_block bgContent\">       <!-- Set Background of Design block -->\n               <div class=\"uk-container uk-container-center \"> <!-- Set Full width must use class  of Design block -->\n                 <div class=\"uk-grid ui-sortable\" data-uk-grid-margin=\"\">\n                    <div class=\"uk-width-small-1-4 uk-row-first\" style=\"\">\n                        <div id=\"editable_area_custom2a1f98a4ea643560429e96778f7ca2c40\" data-ph=\"Editable Area. Backspace tab to remove this block.\" class=\"RVWYSIWYGAREA areaCustom\">\n                            <p class=\"rv-text-center\"><img src=\"{IMAGE_URL}/1613074540577.png?n=1613074541151set\" class=\"uk-border-circle\" crossorigin=\"anonymous\" style=\"\"></p>\n                        </div>\n                    </div>\n                    <div class=\"uk-width-small-3-4\" style=\"position: relative;\">\n                        <div id=\"editable_area_custom2a1f98a4ea643560429e96778f7ca2c41\" data-ph=\"Editable Area. Backspace tab to remove this block.\" class=\"RVWYSIWYGAREA areaCustom\">\n                            <div class=\"uk-hidden-small\"><br></div>\n                            <h2><font color=\"#c18fe4\" class=\"\">Kisvirág Családi Bölcsöde - Ahol a szeret körülvesz</font></h2>\n                            <div class=\"rv-linemargin\"><h4><hr class=\"rv-hr-small\"><b><font color=\"#c18fe4\" class=\"\">&nbsp;Szeretetteljes, családias környezet Óbudán.&nbsp;Tágas kert, jó levegő, fejlesztő foglalkozások!</font></b></h4></div>\n                            <p></p>\n                        </div>\n                    </div>\n                    <div class=\"uk-row-first\"></div>\n                 </div>\n                </div>\n             </div>\n         </div>\n        </div><div class=\"mg\">\n        <div class=\"uk-container uk-container-center\"> <!-- Set Row Full width must use class  of Design block -->\n           <div class=\"rvsb_design_block bgContent\" style=\"background-color: rgb(255, 255, 255);\">                                   <!-- Set Background of Design block -->\n               <div class=\"uk-container uk-container-center \"> <!-- Set Full width must use class  of Design block -->\n                 <div class=\"uk-grid ui-sortable\" data-uk-grid-margin=\"\">\n                    \n                    <div class=\"uk-width-small-5-6 uk-row-first\" style=\"\">\n                        <div id=\"editable_area_custom617aeee3560cbefc190f4707215f9d411\" data-ph=\"Editable Area. Backspace tab to remove this block.\" class=\"RVWYSIWYGAREA areaCustom\" designmode=\"off\" style=\"display: block; background-color: rgba(0, 0, 0, 0);\">\n                            <h2><font color=\"#615d5b\" class=\"\">Kedves Anyukák és Apukák!</font></h2><div><div dir=\"auto\" style=\"font-family: &quot;Segoe UI Historic&quot;, &quot;Segoe UI&quot;, Helvetica, Arial, sans-serif; white-space: pre-wrap;\"><font color=\"#615d5b\" class=\"\">Ha úgy érzitek szeretnétek közösségbe adni gyermeketeket, akkor Nálunk jó helyen jártok! </font></div><div dir=\"auto\" style=\"font-family: &quot;Segoe UI Historic&quot;, &quot;Segoe UI&quot;, Helvetica, Arial, sans-serif; white-space: pre-wrap;\"><font color=\"#615d5b\" class=\"\">11 hónapostól - 3 éves korig látjuk el  az apróságokat.</font></div><div dir=\"auto\" style=\"font-family: &quot;Segoe UI Historic&quot;, &quot;Segoe UI&quot;, Helvetica, Arial, sans-serif; white-space: pre-wrap;\"><font color=\"#615d5b\" class=\"\">Vidám hangulat, szeretet, hatalmas zöld kert, színes csoportszobák! Minden nap torna és egyéb foglalkozások, de az első a  szeretet a picik felé. </font></div><div dir=\"auto\" style=\"font-family: &quot;Segoe UI Historic&quot;, &quot;Segoe UI&quot;, Helvetica, Arial, sans-serif; white-space: pre-wrap;\"><font color=\"#615d5b\" class=\"\">Amennyiben kíváncsiak vagytok Ránk, írjatok! </font></div><div dir=\"auto\" style=\"font-family: &quot;Segoe UI Historic&quot;, &quot;Segoe UI&quot;, Helvetica, Arial, sans-serif; white-space: pre-wrap;\"><font color=\"#615d5b\" class=\"\"><br></font></div><div dir=\"auto\" style=\"font-family: &quot;Segoe UI Historic&quot;, &quot;Segoe UI&quot;, Helvetica, Arial, sans-serif; white-space: pre-wrap;\"><font color=\"#615d5b\" class=\"\">Várunk Titeteket sok szeretettel: Kisvirágok Ági néni és Réka néni!</font></div><div dir=\"auto\" style=\"font-family: &quot;Segoe UI Historic&quot;, &quot;Segoe UI&quot;, Helvetica, Arial, sans-serif; white-space: pre-wrap;\"><font color=\"#615d5b\" class=\"\"><br></font></div><div dir=\"auto\" style=\"font-family: &quot;Segoe UI Historic&quot;, &quot;Segoe UI&quot;, Helvetica, Arial, sans-serif; white-space: pre-wrap;\"><font style=\"\" color=\"#615d5b\" class=\"\">Felvétel egész évben a szabad helyek függvényében, akár heti 3 napos ellátásra is!</font></div><!--EndFragment--></div>\n                            <p>\n\n</p>\n                        </div>\n                    </div>\n                    <div class=\"\"></div>\n                 </div>\n                </div>\n            </div>\n         </div>\n        </div><div class=\"mg\">\n        <div class=\"uk-container uk-container-center\"> <!-- Set Row Full width must use class  of Design block -->\n           <div class=\"rvsb_design_block bgContent\" style=\"background-color: rgb(255, 255, 255);\">                                               <!-- Set Background of Design block -->\n               <div class=\"uk-container uk-container-center \"> <!-- Set Full width must use class  of Design block -->\n                   <div class=\"uk-grid ui-sortable\" data-uk-grid-margin=\"\">\n                      <div class=\"uk-width-medium-1-1 uk-row-first\" style=\"\">\n                           <div id=\"editable_area_custom06caf9495d9c8390ca049c5492e9e4910\" data-ph=\"Editable Area. Backspace tab to remove this block.\" class=\"RVWYSIWYGAREA areaCustom\" designmode=\"off\" style=\"display: block;\">\n                              <p class=\"rv-text-center\"><br></p><p class=\"rv-text-center\"><img src=\"{IMAGE_URL}/cb281d4da27150f4ca3cff37fe7fd8d7rvcopy_1612989710.jpg\" style=\"line-height: 21px; width: 170px; height: 250px;\" width=\"200px\" height=\"400px\"></p>\n                              <h1 class=\"rv-text-center\"><font color=\"#615d5b\" class=\"\">Élet a Kisvirágban</font></h1><div><font color=\"#615d5b\" class=\"\">A Kisvirág Családi Bölcsödénk Óbuda valóban csendes, kertvárosi részén a Dunától pár száz méterre található. A családi házat nagy zöld kert öleli körbe.</font></div><div><font color=\"#615d5b\" class=\"\">A tavaszi, nyári melegben a hűsítő pancsolást, játékot, lombárnyékban a teraszon élvezik a gyerekek. A napsütés előlnyitott, de fedett teraszra tudunk húzódni, de naptejjel, kis kalappal is védekezünk.  Hatalmas, fedett homokozónkban jókat leh<font class=\"\">et nyáron sarazni, várat építeni. Természetesen teret kapnak a nagy mozgások is, melyhez motorok, biciklik, hullámvasút, labdák, ugrálók, csúszdák, karikák teszik változatosabbá a leve</font>gőn való tartózkodást.\n\n</font></div><div><font color=\"#615d5b\" class=\"\"><br></font></div><div><font color=\"#615d5b\" class=\"\">Napközinkben két csoport működik. Réka&nbsp;lányom, aki szakképzett csecsemő gondozó és kisgyermek nevelő a nagyobbakkal én, mint óvodapedagógus foglalkozom. A Kisvirág melegségét, harmóniáját  az a sok kis apró, saját kézzel készített tárgy és berendezés adja. Saját magam készítettem a tornához babzsákot, párnát, kézzel festett tányért és bögrét, falvédőt és, falfestményt. Külön öröm nemcsak az alkotás, de mikor a picik észrevesznek valami újat, amivel meglepem őket. \nEgyéni arculatunkat a nyugodt, barátságos szeretetteljes légkör jellemzi. Sok munkával és odafigyeléssel elértük, hogy a gyer<font class=\"\">mekek és szüleik nálunk valóban egyéni törődést tapasztalnak. A legnagyobb öröm számunkra, mikor délután a gyerekek nem akarnak hazamenni, inkább maradnának még! Ennél nagyobb és őszin</font>tébb visszajelzésre nincs is szükségünk!&nbsp;</font></div><div><font color=\"#615d5b\" class=\"\"><br></font></div><div><font color=\"#615d5b\" class=\"\">Mindennapjainkat átszövi a<b> gyermekek részképességeinek</b> fejlesztése:</font></div><div><font color=\"#615d5b\" class=\"\"><br></font></div><div><ul class=\"disc\"><li style=\"list-style-position: inside;\"><font color=\"#615d5b\" class=\"\">&nbsp;Az anyanyelvi nevelés kiemelt szerepet kap, nyelvtorna,mondókázás, kerekítő mondókák, csiklandozók</font></li><li style=\"list-style-position: inside;\"><font color=\"#615d5b\" class=\"\">Nagy hangsúlyt fektetünk a mese fontosságára az életkornak megfelelő meseanya<font class=\"\">g összeállítására, bábozással, diafilm vetítéssel színesítve.</font></font></li><li style=\"list-style-position: inside;\"><font color=\"#615d5b\" class=\"\"><font class=\"\">Élőzene hallgatása - furulya, gitár, zongora, xilofon-ismerkedés </font>a hangszerekkel.&nbsp;</font></li><li style=\"list-style-position: inside;\"><font color=\"#615d5b\" class=\"\">Gyermekdalokat, népi mondókákat tanulunk.</font></li><li style=\"list-style-position: inside;\"><font color=\"#615d5b\" class=\"\">Különböző ábrázolási technikák sokasága: tépés, ragasztás, mintázás, gyurmázás, festés, vágás lehetőségével.&nbsp; Munkáink a faliújságon színesítik környezetünket.</font></li><li style=\"list-style-position: inside;\"><font color=\"#615d5b\" class=\"\">Nagy mozgások előtérbe helyezése: lábtorna, különböző tornaeszközök használata (babzsák, szalag, karika, labda, szék)</font></li></ul><br></div>\n                              <br>\n                           </div>\n                           <div class=\"uk-grid-margin\"></div>\n                      </div>\n                   </div>\n               </div>\n           </div>\n         </div>\n        </div><div class=\"mg\">\n        <div class=\"uk-container uk-container-center rv-block-full\" style=\"\"> <!-- Set Row Full width must use class  of Design block -->\n         <div class=\"rvsb_design_block bgContent\" style=\"background:#f6f6f6;\">                           <!-- Set Background of Design block -->\n             <div class=\"uk-container uk-container-center \"> <!-- Set Full width must use class  of Design block -->\n                 <div class=\"uk-grid ui-sortable\">\n                        \n                    <div class=\"uk-width-medium-1-3\" style=\"\">\n                        <div data-uk-parallax=\"{opacity: \'0,1\', scale: \'0,1\', viewport: \'0.2\'}\" id=\"editable_area_customa65b8429e08387837e6dfe5509e67d351\" data-ph=\"Editable Area. Backspace tab to remove this block.\" class=\"RVWYSIWYGAREA areaCustom\" style=\"transform: scale(0); opacity: 0; display: block;\" designmode=\"off\"> \n                             <div class=\"rv-text-center\"><hr class=\"clearhr uk-icon-group uk-icon-large \" style=\"color:#20259b;\"><br></div> \n                             <p class=\"rv-text-center\"><b>Kis létszámú, családias&nbsp;magánbölcsöde</b></p>                                                                                    \n                             <p class=\"rv-text-center\"></p><div data-uk-parallax=\"{opacity: \'0,1\', scale: \'0,1\', viewport: \'0.2\'}\" id=\"editable_area_customa65b8429e08387837e6dfe5509e67d351\" data-ph=\"Editable Area. Backspace tab to remove this block.\" class=\"RVWYSIWYGAREA areaCustom\" style=\"transform: scale(0); opacity: 0; display: block;\" designmode=\"off\"><br></div><p></p>\n                        </div> \n                        <div class=\"uk-grid-margin\"></div>     \n                    </div>\n                    <div class=\"uk-width-medium-1-3\" style=\"\">\n                        <div data-uk-parallax=\"{opacity: \'0,1\', scale: \'0,1\', viewport: \'0.3\'}\" id=\"editable_area_customa65b8429e08387837e6dfe5509e67d352\" data-ph=\"Editable Area. Backspace tab to remove this block.\" class=\"RVWYSIWYGAREA areaCustom\" style=\"transform: scale(0); opacity: 0; display: block;\" designmode=\"off\"> \n                             <div class=\"rv-text-center\"><hr class=\"clearhr uk-icon-leaf uk-icon-large \" style=\"color:#20259b;\"><br></div>                                                                                     \n                             <p class=\"rv-text-center\"><b>Gyerekbarát környezet, zöldövezetben</b></p>                                                                                     \n                             <p class=\"rv-text-center\"><br></p>\n                        </div> \n                        <div class=\"uk-grid-margin\"></div>     \n                    </div>\n                    <div class=\"uk-width-medium-1-3\" style=\"\">\n                        <div data-uk-parallax=\"{opacity: \'0,1\', scale: \'0,1\', viewport: \'0.4\'}\" id=\"editable_area_customa65b8429e08387837e6dfe5509e67d353\" data-ph=\"Editable Area. Backspace tab to remove this block.\" class=\"RVWYSIWYGAREA areaCustom\" style=\"transform: scale(0); opacity: 0; display: block;\" designmode=\"off\"> \n                             <div class=\"rv-text-center\"><hr class=\"clearhr uk-icon-heartbeat uk-icon-large \" style=\"color:#20259b;\"><br></div>                                                                                       \n                             <p class=\"rv-text-center\"><b>Egészséges ételek</b></p>                                                                                    \n                             <p class=\"rv-text-center\"><br></p>\n                        </div> \n                        <div class=\"uk-grid-margin\"></div>     \n                    </div>\n                    \n                    \n                    \n                 </div>\n             </div>\n         </div>\n         </div>\n        </div><div class=\"mg\">\n         <div class=\"uk-container uk-container-center rv-block-full\" style=\"\"> <!-- Set Row Full width must use class  of Design block -->\n           <div class=\"rvsb_design_block bgContent\">                                     <!-- Set Background of Design block -->\n               <div class=\"uk-container uk-container-center \"> <!-- Set Full width must use class  of Design block -->\n                 <div class=\"uk-grid ui-sortable\" data-uk-grid-margin=\"\">\n                    <div class=\"uk-width-small-1-2 uk-row-first\" style=\"\">\n                        <div id=\"editable_area_custom37496d52cb0de3c4412dfa44fcf4179e0\" data-ph=\"Editable Area. Backspace tab to remove this block.\" class=\"RVWYSIWYGAREA areaCustom\" designmode=\"off\" style=\"display: block;\">\n                            <p><img src=\"{IMAGE_URL}/img100-77rvcopy_1612989375.jpg?n=1612989375961set\" style=\"\" class=\"\" crossorigin=\"anonymous\"></p>\n                        </div>\n                        <div class=\"uk-grid-margin\"></div>\n                    </div><div class=\"uk-width-small-1-2\" style=\"\">\n                        <div id=\"editable_area_custom37496d52cb0de3c4412dfa44fcf4179e00\" data-ph=\"Editable Area. Backspace tab to remove this block.\" class=\"RVWYSIWYGAREA areaCustom\" designmode=\"off\" style=\"display: block; background-color: rgba(117, 123, 150, 0);\">\n                            <p><img src=\"{IMAGE_URL}/img100-77rvcopy_1612989574.jpg?n=1612989574958set\" style=\"\" class=\"\" crossorigin=\"anonymous\"></p><p></p>\n                        </div>\n                        <div class=\"uk-grid-margin\"></div>\n                    </div>\n                    \n                 </div>\n             </div>\n            </div>\n         </div>\n        </div></div></div></div></div></div></div></div>', NULL, NULL, NULL, NULL, NULL, NULL, '0', '', NULL, NULL, NULL, NULL, NULL, '', '', '', '', NULL, NULL, NULL, NULL, '1613412457', NULL, NULL, '0', '0', '0');
REPLACE INTO `rvs_project_page` (`project_page_id`, `rvs_usr_id`, `page_name`, `custom_page_name`, `rvs_component_id`, `page_data`, `page_data_zone_2`, `page_data_zone_3`, `page_data_zone_4`, `colume_width_1`, `colume_width_2`, `colume_width_3`, `rvs_layout_id`, `head`, `page_title`, `meta_keyword`, `meta_description`, `effect_page_enter`, `duration_page_enter`, `meta_page_effect`, `rvs_link_id`, `target`, `form_template_id`, `i_pathway`, `i_mail`, `i_print`, `i_favorite`, `last_modifier`, `link_active`, `page_type`, `blank_page`, `set_draft`, `is_member_page`) VALUES ('1ecbe9b552b37ffa5f230fae7b99872b', '710d448bf69e6e8944cc6d081761653d', 'Bemutatkozunk', 'bemutakozunk_kisvirag_bolcsode', '', '\n\n\n\n\n\n\n\n\n\n\n\n\n\n\n\n\n\n\n\n\n\n\n\n\n<!-- wysiwyg get data cannot delete id=layout_zone1 -->\n<div class=\"uk-container uk-container-center rv-block-full\"><style>\n.rv-crop-img  {  \n      max-height:240px;  \n      overflow:hidden;  \n}   \n</style>   	\n \n <div>\n        <div class=\"uk-container uk-container-center rv-block-full\">\n            <div class=\"uk-grid\" data-uk-grid-margin=\"\">\n                <div class=\"uk-width-1-1 design-block uk-row-first\" rv-layout=\"100\">\n                    <div class=\"layoutfix\">\n                        <div id=\"editable_area_content\" class=\"editable_area designBlock ui-sortable\"><div class=\"mg\">\n         <div class=\"uk-container uk-container-center \"> <!-- Set Row Full width must use class  of Design block -->\n           <div class=\"rvsb_design_block bgContent\">                             <!-- Set Background of Design block -->\n               <div class=\"uk-container uk-container-center \"> <!-- Set Full width must use class  of Design block -->\n                 <div class=\"uk-grid uk-grid-small ui-sortable\" data-uk-grid-margin=\"\">\n                    <div class=\"uk-width-small-1-1 uk-row-first\" style=\"position: relative;\">\n                        <div id=\"editable_area_custom986c5149f56811c538d5d6f2ccbb58160\" data-ph=\"Editable Area. Backspace tab to remove this block.\" class=\"RVWYSIWYGAREA areaCustom\">\n                            <div class=\"rv-text-center\">\n                                <h1 class=\"rv-text-center\"><font face=\"Arial\" color=\"#615d5b\" class=\"\" style=\"\">Mi így gondolkodunk a<font class=\"\"> bölc</font>södei nevelésről<span style=\"font-weight: normal;\"></span></font></h1>\n                                <div class=\"rv-text-center\"><font face=\"Arial\" color=\"#615d5b\" class=\"\"><br></font><div class=\"clear\"></div><font face=\"Arial\" color=\"#615d5b\" class=\"\"><br></font></div>\n                                <h2 class=\"rv-text-center\"><font face=\"Arial\" color=\"#615d5b\" class=\"\" style=\"font-weight: normal;\">Ági néni &amp; Réka néni</font></h2>\n                                </div><blockquote style=\"margin: 0px 0px 0px 40px; border: none; padding: 0px; font-style: normal;\"><blockquote style=\"margin: 0px 0px 0px 40px; border: none; padding: 0px; font-style: normal; line-height: 1.4em;\"><blockquote style=\"margin: 0px 0px 0px 40px; border: none; padding: 0px; font-style: normal;\"><blockquote style=\"margin: 0px 0px 0px 40px; border: none; padding: 0px; font-style: normal;\"><blockquote style=\"margin: 0px 0px 0px 40px; border: none; padding: 0px; font-style: normal;\"><blockquote style=\"margin: 0px 0px 0px 40px; border: none; padding: 0px; font-style: normal;\"><blockquote style=\"margin: 0px 0px 0px 40px; border: none; padding: 0px; font-style: normal;\"><div class=\"rv-text-center\"><p class=\"rv-text-center\"></p><div style=\"text-align: left;\"></div><p></p></div></blockquote></blockquote></blockquote></blockquote></blockquote></blockquote><h3 style=\"line-height: 1.4em;\">\n\n</h3><h4><font class=\"\" face=\"Arial\" color=\"#615d5b\"><span style=\"line-height: 1.4em; font-weight: normal;\">Klein Ági\nvagyok, három csodálatos gyermek anyukája. Számomra a család az első, és\nlegfontosabb! Pályaválasztásnál sosem volt kérdéses, hogy mi legyek? Azonnal az\nóvónőképzőbe mentem tanulni, majd óvodában kezdtem dolgozni. Azóta is&nbsp; csak a gyermekeknek élek, velük foglalkozom, folyamatosan képzem magam. A\nfőiskolai évek alatt is maradtam a gyermekek mellett, miközben folytattam\ngyermekkori hobbim: zenéltem, énekeltem. Ezt a tudásom szerencsére sikerül\nkamatoztatnom a mai napig az apróságoknak. Régóta szerettem volna a saját\nelképzeléseim szerint \"ovit csinálni\". Olyat, ahol a gyermek az első,\nahova vidáman, mosolyogva érkeznek, ahol jól érzik magukat, ahol van idejük\neleget játszani, észrevétlenül tanulni. Nem kell rohanni, kapkodni, van idő\nmegsimogatni, ölbe venni, szeretgetni őket. Sikerült megvalósítani ezt az\nálmom, melyben sokat köszönhetek férjemnek, gyermekeimnek!&nbsp;</span></font></h4><h4><font face=\"Arial\" color=\"#615d5b\" class=\"\" style=\"font-weight: normal;\"><font class=\"\"><span style=\"line-height: 1.4em;\"><br>\n</span></font><font class=\"\"><span>Hitvallásom,\namivel a gyermeknél igazán elérthetjük céljainkat, nevelhetjük Őket:\n</span></font></font><ul class=\"disc\"><li style=\"list-style-position: inside;\"><font class=\"\" face=\"Arial\" color=\"#615d5b\" style=\"font-weight: normal;\">Mindig a gyermek legyen\naz első.</font></li></ul><ul class=\"disc\"><li style=\"list-style-position: inside;\"><font class=\"\" face=\"Arial\" color=\"#615d5b\" style=\"font-weight: normal;\">Figyeljünk oda, ha\nszól,</font></li></ul><ul class=\"disc\"><li style=\"list-style-position: inside;\"><font class=\"\" face=\"Arial\" color=\"#615d5b\" style=\"font-weight: normal;\">Türelemmel\nhallgassuk meg válaszoljunk neki érthetően,</font></li></ul><ul class=\"disc\"><li style=\"list-style-position: inside;\"><font class=\"\" face=\"Arial\" color=\"#615d5b\" style=\"font-weight: normal;\">A korának\nmegfelelően segítsük, de úgy hogy közben hagyjuk önállósodni, fejlődni engedni</font></li></ul><ul class=\"disc\"><li style=\"list-style-position: inside;\"><font face=\"Arial\" color=\"#615d5b\" class=\"\" style=\"font-weight: normal;\"><font class=\"\">Vegyük észre, ha\nbaja, gondja van, vigasztaljuk meg, ha szükséges legyünk feléje bizalommal,&nbsp;</font>érezze, hogy mi is bizalommal vagyunk iránta</font></li></ul><ul class=\"disc\"><li style=\"list-style-position: inside;\"><font class=\"\" face=\"Arial\" color=\"#615d5b\" style=\"font-weight: normal;\">Nem leereszkedni\nkell hozzá, hanem nekünk felemelkednünk!</font></li></ul><ul class=\"disc\"><li style=\"list-style-position: inside;\"><font class=\"\" face=\"Arial\" color=\"#615d5b\" style=\"font-weight: normal;\">Bíztassuk,\nbátorítsuk a tevékenykedésében, érezze, hogy odafigyelünk rá!</font></li></ul><ul class=\"disc\"><li style=\"list-style-position: inside;\"><font class=\"\" face=\"Arial\" color=\"#615d5b\" style=\"font-weight: normal;\">Szabjunk határokat,\nde tudja, hogy mi, miért van és hogy ez őt szolgálja!</font></li></ul><ul class=\"disc\"><li style=\"list-style-position: inside;\"><font class=\"\" face=\"Arial\" color=\"#615d5b\" style=\"font-weight: normal;\">Egyszerűen csak\nfigyeljük, hallgassuk játék közben , hogy hogyan próbálkozik, ügyeskedik,\nfejlődik, beszél - érdemes!</font></li></ul></h4>\n\n<blockquote style=\"margin: 0px 0px 0px 40px; border: none; padding: 0px; font-style: normal; line-height: 1.4em;\"><blockquote style=\"margin: 0px 0px 0px 40px; border: none; padding: 0px; font-style: normal;\"><blockquote style=\"margin: 0px 0px 0px 40px; border: none; padding: 0px; font-style: normal;\"><blockquote style=\"margin: 0px 0px 0px 40px; border: none; padding: 0px; font-style: normal;\"><blockquote style=\"margin: 0px 0px 0px 40px; border: none; padding: 0px; font-style: normal;\"><blockquote style=\"margin: 0px 0px 0px 40px; border: none; padding: 0px; font-style: normal;\"><div class=\"rv-text-center\"><p class=\"rv-text-center\"></p><div style=\"text-align: left;\"><font face=\"Arial\" color=\"#615d5b\" class=\"\">.</font></div><p></p></div></blockquote></blockquote></blockquote></blockquote></blockquote></blockquote></blockquote>\n                        </div>         \n                    </div>\n                    <div class=\"uk-grid-margin uk-row-first\"></div>\n                 </div>\n             </div>\n            </div>\n         </div>\n        </div></div><!--editable_area_content -->    \n                    </div><!-- End layoutfix -->          \n                </div> <!-- End rv-layout=100 -->\n            </div><!-- End uk-grid -->\n        </div><!-- End uk-container uk-container-center -->\n     </div><!-- End bgContent  --></div>', NULL, NULL, NULL, NULL, NULL, NULL, '0', '', NULL, NULL, NULL, NULL, NULL, '', '', '_self', '', NULL, NULL, NULL, NULL, '1613073112', NULL, NULL, '0', '0', '0');
REPLACE INTO `rvs_project_page` (`project_page_id`, `rvs_usr_id`, `page_name`, `custom_page_name`, `rvs_component_id`, `page_data`, `page_data_zone_2`, `page_data_zone_3`, `page_data_zone_4`, `colume_width_1`, `colume_width_2`, `colume_width_3`, `rvs_layout_id`, `head`, `page_title`, `meta_keyword`, `meta_description`, `effect_page_enter`, `duration_page_enter`, `meta_page_effect`, `rvs_link_id`, `target`, `form_template_id`, `i_pathway`, `i_mail`, `i_print`, `i_favorite`, `last_modifier`, `link_active`, `page_type`, `blank_page`, `set_draft`, `is_member_page`) VALUES ('3710d1289e3784c0a0df800f4d2abcba', '710d448bf69e6e8944cc6d081761653d', 'Beiratkozás', '', '', '\n\n\n\n<!-- wysiwyg get data cannot delete id=layout_zone1 -->\n<div class=\"uk-container uk-container-center rv-block-full\"><div>\n    <div class=\"uk-container uk-container-center rv-block-full\">\n        <div class=\"uk-grid\" data-uk-grid-margin=\"\">\n            <div class=\"uk-width-1-1 design-block uk-row-first\" rv-layout=\"100\">\n                <div class=\"layoutfix\">\n                    <div id=\"editable_area_content\" class=\"editable_area designBlock ui-sortable\"><div class=\"mg\">\n        <div class=\"uk-container uk-container-center rv-block-full\"> <!-- Set Row Full width must use class  of Design block -->\n           <div class=\"rvsb_design_block bgContent\">           <!-- Set Background of Design block -->\n               <div class=\"uk-container uk-container-center \"> <!-- Set Full width must use class  of Design block -->\n                 <div class=\"uk-grid-margin\"></div> \n                 <div class=\"uk-grid ui-sortable\">\n                    <div class=\"uk-width-1-1\" style=\"position: relative;\">\n                        <div id=\"editable_area_custom069e5ae574d90aa6a72a8c43f6aa427d0\" data-ph=\"Editable Area. Backspace tab to remove this block.\" class=\"RVWYSIWYGAREA areaCustom\">\n                            <div>\n                                                        <h2 class=\"rv-widget-title\">\n                                                            B<font style=\"\" color=\"#615d5b\" class=\"\">eiratkozás<span style=\"font-weight: normal;\"></span></font></h2><h2 class=\"rv-widget-title\"><font style=\"font-size: 16px; font-weight: normal;\" color=\"#615d5b\" class=\"\">A beiratkozás személyesen történik, előzetes telefonos egyeztetéssel.\nAzokat a gyermekeket tudjuk fogadni, akik az adott év augusztus 31-ig NEM töltötték be a 3. életévüket!\nMindig előre megbeszélt időpontban várjuk az érdeklődőket, hogy legyen idő minden esetleges kérdés megbeszélésére.\nA Családi Bölcsődébe járó gyerekek a szülővel kötött megállapodás alapján havi térítési díjat fizetnek. Ez a díj minden hónapban azonos, független a napok számától. Hiányzáskor a lemondott napok étkezési díját a következő hónapban jóvá írjuk. A heti 4 alkalommal járó gyerekeket a megállapodásban megjelölt napokon tudják igénybe venni az ellátást. Egyéb napokon előre egyeztetett időpontban tudjuk fogadni a gyerekeket. A mulasztott napok más időpontban történő pótlására nincs lehetőség. A térítési díj fedezi a teljes ellátást és a foglalkozások összes költségét. </font><br></h2>\n\n\n                                                    </div>\n                                                      \n                        </div> \n                        <div class=\"uk-grid-margin\"></div>   \n                    </div>\n\n                 </div>\n             </div>\n            </div>\n         </div>\n        </div></div>\n                </div>\n            </div>\n        </div>\n    </div>\n</div></div>', NULL, NULL, NULL, NULL, NULL, NULL, '0', '', NULL, NULL, NULL, NULL, NULL, '', '', '_self', '', NULL, NULL, NULL, NULL, '1613073518', NULL, NULL, '0', '0', '0');
REPLACE INTO `rvs_publish` (`project_id`, `rvs_publish_protocal`, `rvs_publish_domain`, `rvs_publish_path`, `rvs_domain_path`) VALUES ('b4c4ad77ba14fe778187762f6ca1f199', 'http', 'kisviragcsana.hu', '', '/home/kisvahu1/public_html');
REPLACE INTO `rvs_template_item` (`template_item_id`, `products_id`, `template_id`, `template_item_folder`, `template_type_s_preview`, `color_id`, `picture_id`) VALUES ('c0c6fc26100a75892812f228fe64e1fe', '2-267-1', 'c0c6fc26100a75892812f228fe64e1fe', 'pro_2-267-1_black_Fashion_2', 'jpg', '67', '95073d2a3c6f6634c186f68048b2cfb8');
REPLACE INTO `rvs_template_item_navigator_color` (`template_item_id`, `custom_color_group_id`) VALUES ('c0c6fc26100a75892812f228fe64e1fe', '0');
REPLACE INTO `rvs_template` (`template_id`, `default_template_item_id`, `default_template_item_id2`, `font_id`, `menustyle_id`, `navigator_id`, `default_layout_id`, `sort_priority`, `cdate`) VALUES ('c0c6fc26100a75892812f228fe64e1fe', 'c0c6fc26100a75892812f228fe64e1fe', '', '12', '2', '293', '', '200', '1477008000');
REPLACE INTO `rvs_menustyle` (`menustyle_id`, `menustyle_description`) VALUES ('2', 'horizontal');
REPLACE INTO `rvs_template_categories_xref` (`template_id`, `rvs_category_id`) VALUES ('c0c6fc26100a75892812f228fe64e1fe', '2');
REPLACE INTO `rvs_template_type_xref` (`template_id`, `template_type_id`) VALUES ('c0c6fc26100a75892812f228fe64e1fe', '6');
REPLACE INTO `rvs_template_type` (`template_type_id`, `template_type_name`) VALUES ('6', 'Clean');
REPLACE INTO `rvs_usr` (`rvs_usr_id`, `user_name`, `charset_id`) VALUES ('710d448bf69e6e8944cc6d081761653d', 'kisvahu1', '0');
